pose -3*s - 4*p = -238, -334 = -4*s + 2*p - 2. Suppose -s = -2*n - d*l, 4*n - 192 = -0*l - l. What is the units digit of n?
9
Let y(i) = -89*i. Let l be y(-1). Suppose 88*q - 8 = l*q. What is the hundreds digit of 231 + -3*q/6?
2
Let r(z) = z**2 - 46 + 47 - 4*z**3 + z + 79 + 5*z**3. What is the units digit of r(0)?
0
Let z be ((-6)/4)/(-4 - (-29)/8). Suppose 5*w - 1740 = z*w. What is the hundreds digit of ((-15)/(-13) - 1) + w/13?
1
Let r(s) = 304*s + 578. What is the tens digit of r(30)?
9
What is the tens digit of 1185/2 + (-1183)/338?
8
Suppose 17*g + 54836 = 20*g + d, 3*d = -3*g + 54828. What is the thousands digit of g?
8
Let l(w) = 264*w**2 + 956*w + 8626. What is the tens digit of l(-9)?
0
Let l be 40/15*-6 + 4. Let a = 155 + l. What is the hundreds digit of a?
1
Suppose 54*c = 26*c + 14028. Suppose 0 = -4*g + p + 1228, 3*g - 4*p - c = 407. What is the units digit of g?
8
Let k(y) = -109*y**2 + 10. Let s(a) = -109*a**2 + a + 11. Let o(w) = -3*k(w) + 2*s(w). What is the hundreds digit of o(2)?
4
Let g(a) = 2*a**2 - 16*a + 32. Let d be g(5). Suppose -2*z + 424 = 2*l, 24*z - 433 = -d*l + 19*z. What is the units digit of l?
9
Let o = 29059 - 12815. What is the tens digit of o?
4
Let t(c) = 146*c + 42. Let r be t(4). Let z = -215 + r. What is the hundreds digit of z?
4
Let d(i) = -i**3 - 95*i**2 - 44*i + 1291. What is the tens digit of d(-95)?
7
What is the hundreds digit of ((-22)/77)/((-1)/7) + (14 - -9564)?
5
Let y(c) = -2*c + 19. Let a be y(5). Let d(o) = o**3 - 4*o**2 + 3*o - 18. Let l be d(a). Suppose l = -5*z + 8*z. What is the units digit of z?
8
Suppose 0*y + 2*y = 5*f + 10916, 10916 = 2*y + f. Suppose y + 1112 = 6*l. What is the tens digit of l?
9
Suppose 58 = -81*n + 23*n. What is the tens digit of 492*(4 + -3) - (n - -3)?
9
What is the thousands digit of -14 - 1/((-10)/98990)?
9
Suppose -3*t + 2*t - 3 = 0. Let x(o) = o**3 - o**2 - 3*o - 6. Let f be x(t). Let v = f + 75. What is the tens digit of v?
4
Suppose -158 = -3*h - 0*r + 5*r, 2*r = h - 54. Suppose 16 = -10*i + h. Suppose n = -t - 2*n + 108, i*n = 5*t - 558. What is the hundreds digit of t?
1
Suppose 5*a + 11*d = 15*d + 1198, 2*d = 4*a - 956. What is the tens digit of a?
3
Let h be 0/(-4) + ((-16)/4 - -199). Suppose n + 4*t = 44, 3*t + 0*t = 4*n - h. What is the tens digit of n?
4
What is the hundreds digit of (-3)/((-1)/5*155/141391)?
6
Suppose -16*p + 17*p = 2*q + 16776, p - 16770 = 5*q. What is the ten thousands digit of p?
1
Suppose 0 = 63*k - 60*k + 3*y, -2*k + y = -0*y. Let n be (34/4)/(2/40). Suppose 3*x + 3*c - 306 = k, 0 = -x + 4*c - 53 + n. What is the units digit of x?
5
Suppose 72*o - 17*o = 642609 + 1618331. What is the thousands digit of o?
1
Let s = 197 + -56. Let w = s - -55. What is the tens digit of w?
9
What is the thousands digit of -44525*(3 - -1)/(-40 - -30)?
7
Let w be 5/25*0 + 2 + -2. Suppose -5*h - 1244 = -2*z, -2*z - 4*h + w*h = -1244. What is the tens digit of z?
2
Let q be -9 - (-218)/24 - (-349)/(-12). Let c(o) = 3*o. Let p be c(8). Let s = p - q. What is the tens digit of s?
5
What is the tens digit of 20924/6 - (676/39)/(-26)?
8
Let n(s) = 8*s**3 + 7*s**2 - 21*s + 1. Let a be n(3). Suppose -213*u - 1684 = -a*u. What is the hundreds digit of u?
4
Let i(g) be the first derivative of -1/2*g**4 - 21*g - 9/2*g**2 + 27 - 2/3*g**3. What is the hundreds digit of i(-5)?
2
Let k be 56 - (174/(-42) + (-1)/(-7)). Let r be (10/4)/(-4 - (-265)/k). Let q(f) = 2*f**3 - 8*f**2 + f. What is the tens digit of q(r)?
5
Let i(o) = 2864*o**2 - 40*o - 68. What is the tens digit of i(-2)?
6
Let o be ((-14)/(-3))/(4/(-12) - -1). What is the tens digit of 617*(o + -3 - 6 - -3)?
1
Let x(f) = -f**3 - 10*f**2 + 2*f + 22. Let b be x(-10). Suppose -10 = -b*v - 2. Suppose i = -4*d + 74, -v*d = -3*i + d + 137. What is the units digit of i?
4
Suppose 49 = -9*x + 238. What is the tens digit of -84*((-7)/x - 9)?
8
Let w = 16453 - 3885. What is the hundreds digit of w?
5
Let x(h) = 13644*h + 145. What is the hundreds digit of x(6)?
0
What is the thousands digit of (-3)/39*2 - 1415656/(-52)?
7
Let x(o) = o**3 + 20*o**2 + 20*o + 3. Suppose -d = 23 - 4. Let r be x(d). What is the units digit of (-12)/(-1) - r/8?
4
Let r be (-7050)/(-90) + 1/(-3). Let s = r - -4. What is the tens digit of s?
8
Let b = -707 + 47. Let k = -110 - b. What is the hundreds digit of k?
5
Let i(a) = 7*a**2 + 15*a - 182. What is the units digit of i(-28)?
6
What is the units digit of 26 + -39 - (9 + -75103)?
1
Let q(n) = -11*n**3 - 5*n**2 - 94*n - 633. What is the ten thousands digit of q(-17)?
5
Let j = -1099 - -1255. What is the hundreds digit of j?
1
Suppose -29*w + 39*w = 3510. Let c = -88 + w. What is the hundreds digit of c?
2
Let o(i) be the second derivative of -2*i**3 - 21*i**2/2 - 13*i. Let w be o(-11). Let d = w - 45. What is the units digit of d?
6
Let b = 4755 - -6728. What is the tens digit of b?
8
Suppose 84*u = 80*u + 1680. Suppose 3810 = 6*s + u. Let g = s + -363. What is the hundreds digit of g?
2
Let i be (2 - (-11)/(-1)) + 3. Let n be (-2)/i*1 + (-6978)/(-18). Suppose v = -g + 113, -3*v + 4*g + n = 42. What is the units digit of v?
4
Suppose 3*y + 3*u + 407 = 5*y, 5*u + 5 = 0. Suppose 18 = 2*h - 5*c, 4*c - 2*c = -4. Suppose -3*l = 5*v - 491, 3*v - h*l = 5*v - y. What is the units digit of v?
7
Let p be 4/(-10) + 740/100. What is the units digit of 9090/105*p/2?
3
What is the thousands digit of 59575/3 + (-3)/(-90)*20?
9
Let o(w) = -58*w**2 - 5 - 2*w + 61*w**2 + 2. Let j be o(2). Suppose 3*a - 2*f = 170, 4*a + f = j*f + 228. What is the units digit of a?
6
Suppose -168*d + 89*d = -1112241. What is the units digit of d?
9
Suppose 0 = -3*r + 3*j + 160 - 154, 3*r - 2*j = 7. Suppose -m - 4*w = -44, -r*m + 40 + 78 = -2*w. What is the units digit of m?
0
Suppose 0 = 15*v - 67448 - 48502. What is the tens digit of v?
3
Suppose 5118 + 7908 = 9*k - 49902. What is the units digit of k?
2
Suppose 137*a - 89*a - 75*a = -686070. What is the ten thousands digit of a?
2
Let x be ((-2840)/(-1065))/((-5)/(-3) - 1). What is the units digit of (-16192)/(-11) + (-4 + x)/(-5)?
2
Let s = 4016 + -1750. Suppose -q = -5*j + q + s, -3*q = -4*j + 1810. What is the hundreds digit of j?
4
Let o(b) = 25*b - 147. Let y be o(27). Let p = y + -228. What is the units digit of p?
0
Let l(k) = k**2 - 4*k. Let j be l(3). Let h be (-1)/4 - 13/(-4). What is the hundreds digit of 499/h + (-2)/j?
1
Suppose -16*a + 444905 = 72537. What is the hundreds digit of a?
2
Let m be (9/(-5) - -1)/(3/(-120)). Let f(k) = -2*k - 36 - m*k - 21*k + 39. What is the units digit of f(-1)?
8
Let n(z) = -63*z + 36. Let s be n(-8). Let v = s - 70. What is the units digit of v?
0
Let b = 13 - 20. Let o be b/(7/(-10)) + -3. Suppose 0 = -12*d + o*d + 250. What is the units digit of d?
0
Suppose 5*h - 150621 = -3*t, -3*t - 205 = -181. What is the units digit of h?
9
Suppose -4*o = 4*k - 283616, -k + 35098 = -5*o - 35830. What is the tens digit of k?
0
Let j = -9 - -35. Suppose c + 4*c - 3*g = -j, 5*g - 2 = -2*c. Let m = 10 + c. What is the units digit of m?
6
Let x = -5362 + 7705. Suppose -6*f + 11*f - 4*u = 2351, 0 = -5*f + 2*u + x. What is the tens digit of f?
6
Let l = 32614 + -16546. What is the units digit of l?
8
Let i(j) = -2*j**3 - 3*j**2 - 18*j - 71. Let o be i(-5). Suppose -2*z - 2*l + o = 0, 0 = -0*l - 3*l - 6. What is the tens digit of z?
9
Let u = 21532 + -14162. What is the hundreds digit of u?
3
Let g be (-14)/(-63) + 32/18. Suppose 2*x + o = 12, g*x + 4*o + 0 = 12. Suppose -11*y + x*y + 10 = 0. What is the units digit of y?
2
Suppose -20*k + 428 = -112. Suppose k*b + 2*b - 6380 = 0. What is the tens digit of b?
2
Suppose -l - 2 + 7 = 0. Suppose 4*a = -3*s + 996, -2*s - 492 = -2*a - l*s. Let y = a - 115. What is the hundreds digit of y?
1
What is the units digit of 1/((-10)/(-124))*(131 + 1414)?
8
Let r = -12309 + 12311. Suppose -t - 4*y + 40 = 0, 0*t - 60 = -2*t - 4*y. What is the units digit of r/10 + 2996/t?
0
Let d be 0 - 0/(0 + -5). Suppose a - 5*a = 2*m - 14, 3*m - 9 = d. Suppose 0 = -y - 3*v - a*v + 48, 2*v - 355 = -5*y. What is the tens digit of y?
7
What is the hundreds digit of 4/34*162266 + 74/(-629)?
0
Suppose 3380*g - 1916668 = 3264*g. What is the hundreds digit of g?
5
Let v(w) = w**2 + 20*w + 111. Suppose -58 = 188*z - 18